t i be q/(-20) + 12/5. What is the units digit of (-1)/(6/(-2) + i)?
1
What is the tens digit of ((-4)/(-6))/((-5)/(-345))?
4
Suppose 368 = 3*y - 5*a, 0*y - 3*y = 3*a - 360. What is the units digit of y?
1
What is the units digit of (-3 - 1)/(-1 - 1)?
2
Let b(f) = f**2 + 5*f. Suppose -4*o = -3*w + 17, -w = -4*o + w - 18. Let l be b(o). Let g = l - -4. What is the units digit of g?
4
Suppose -2*l = -5*i + 566 + 112, i = l + 138. What is the tens digit of i?
3
Let r(t) = t - 2. Let n be r(4). Suppose -3*z = -k - 5, 0*z + 17 = 5*k - z. Suppose k*g - 6 - n = 4*v, -5*v + 3*g - 2 = 0. What is the units digit of v?
2
Let v = -2 + 12. Let b be (-3)/6 - (-14)/4. Suppose -s + b*s = v. What is the units digit of s?
5
Let c(n) = -n**3 - n**2 + 18. Suppose -4 = -t - 3*u, 4*t - u = -6*u + 9. Let w be 0 + 3 - 2 - t. What is the units digit of c(w)?
8
Let m(j) = 5*j - 1. Let y be ((-4)/6)/((-2)/6). Let b be m(y). What is the units digit of (b*1)/(-3 - -4)?
9
Let o = 10 - 15. Let f = o - -8. Let h = f - 0. What is the units digit of h?
3
What is the tens digit of 65/2*(-28)/(-35)?
2
Suppose -3*j + 3 = 3*b, 6*b - 11 = 4*b + j. Suppose -z = -b*z + 120. What is the tens digit of z?
4
Suppose 12 = -l - 3*l. Let v(x) = 2*x**2 - 3*x**2 + x + 2*x**2. What is the units digit of v(l)?
6
Let o(z) = 18*z**2 + 1. Let b(t) = -t + 1. Let l be b(0). Let s be o(l). Suppose -4*q - 9 = 3*h - 26, 0 = 2*q + 5*h - s. What is the units digit of q?
2
Let y = 46 + 108. What is the hundreds digit of y?
1
Let d = 5 + -3. Let x(j) = -3*j**3 + 3*j**2 - 3*j + 5. Let k(u) = -u**3 + u**2 - u + 2. Let h(b) = 5*k(b) - 2*x(b). What is the units digit of h(d)?
6
Let m(s) = s**3 - 9*s**2 + 9*s - 3. Let d be ((-9)/(-6))/(6/32). What is the units digit of m(d)?
5
Let q(t) = t**2 + 6*t + 4. Let k be q(-4). Let y be (-2)/k + 2/4. Suppose -y = x - r + 1, 0 = 3*x - r. What is the units digit of x?
1
Let l(a) = 2*a + 1. Let r be l(-3). Let h = r - -8. What is the units digit of h?
3
Suppose -33 - 7 = -5*d. Let w be (d/(-6))/1*-3. What is the units digit of 10/w*(-56)/(-10)?
4
Let p = -94 + 61. Let h = p + 62. What is the tens digit of h?
2
Let l be 215 + 2*(-1)/2. Let a(o) = 6*o. Let i be a(2). What is the units digit of l/i - 3/(-18)?
8
Let q be -1 - -1*(-9 - -2). Let t be 1 + 1 - (-8 - q). Suppose -3*s = 3*h - 36, t*s - 34 = h - 5*h. What is the units digit of s?
7
Suppose -2*g - 2*g - 12 = i, -3*g - 9 = 2*i. Suppose -3*r - 2*r - 10 = i. Let b(a) = -5*a - 3. What is the units digit of b(r)?
7
Suppose 5*i - 18 = 4*y - 3, 0 = -4*i - 3*y - 19. Let t be -1 - i - (-3 - 2). Suppose 12 = t*a - a. What is the units digit of a?
3
Let g(j) = -j + 4. Let p be g(-4). Suppose n + n = p. What is the units digit of n?
4
Suppose 0 = 4*u - 0 - 8, 0 = 2*n - 5*u - 82. What is the units digit of n?
6
Let c = -3 - -9. Suppose -14 - c = -2*d. What is the tens digit of d?
1
Suppose 23 = -4*d - 65. Let v be (-2 + 14/4)*-10. Let p = v - d. What is the units digit of p?
7
Let r = 15 - 10. What is the units digit of r?
5
Suppose -4*t = 0, 0 = 2*d + 6*t - 3*t - 202. What is the hundreds digit of d?
1
Let g be ((-2)/3)/(1/3). Let u(l) = l**2 + 1. Let k be u(g). Suppose 3*d - 26 = b - 5*b, -2*b - k*d + 20 = 0. What is the units digit of b?
5
Suppose 0 = i + 3*i - 5*v - 117, -3*v = -3*i + 84. What is the tens digit of i?
2
Let i(s) = 15*s - 1. Let r be i(1). Suppose -3*a = -a - r. What is the units digit of a?
7
Let f(g) = -g**2 - 15*g + 14. What is the tens digit of f(-12)?
5
Let u(q) = -2 - 6*q + 0 + 0*q + 9. Let w be u(5). Let n = 36 + w. What is the units digit of n?
3
Let v(z) = 6*z + 8. What is the units digit of v(8)?
6
Suppose -33*t + 29*t + 216 = 0. What is the tens digit of t?
5
Let g be 2/((-1 - 2)/(-33)). Let c = g - 11. What is the tens digit of c?
1
Let s(g) = -g**3 + 4*g**2 - 2*g - 2. Suppose 2*r - 3*t = 18, 3*r - r + 5*t = 50. Suppose 2*q - r = -5*w - q, -w + 3 = -5*q. What is the units digit of s(w)?
1
Let i = 48 + 6. What is the units digit of 4/18 + 150/i?
3
Let u(z) = 43*z**2 - z - 1. Let h(p) = -p - 9. Let f be h(-10). What is the units digit of u(f)?
1
Let l = 191 + -33. What is the units digit of l?
8
Let a be 10/(-3)*(-12)/5. Suppose -3*m = -a + 2. Suppose 0*w = 3*w + 2*x - 31, 4*x + 10 = m*w. What is the units digit of w?
9
Let h(w) = -w**2 + 6*w - 6. Let q be h(4). Let g be (-2 + -2 + 4)/1. Suppose g = q*x - 0*x - 30. What is the units digit of x?
5
Suppose -12*m + 6137 = 1937. What is the hundreds digit of m?
3
What is the units digit of 0 + 84 + (17 - 20)?
1
Let m(v) = v**2 - 5*v + 6. Let c be (-2)/(-5) - 115/(-25). Let j be 4/c*-1*-5. What is the units digit of m(j)?
2
Let q(w) = 5*w**2 + 2*w - 2. What is the units digit of q(-2)?
4
Let h be (-181)/2 - 10/20. What is the tens digit of (-3)/(-7) - 2964/h?
3
Suppose 3*r - 2*r = 0, -3*q = 2*r - 9. Suppose -3*w - 3*n + 39 = 0, 4*n = -4*w + q*w + 19. What is the tens digit of w?
1
Suppose 2*s = 4 + 232. What is the hundreds digit of s?
1
Let q = -852 + 1295. What is the hundreds digit of q?
4
Let j(w) = 2*w**3 - 3*w**2 - w + 5. Let x = 23 - 20. What is the tens digit of j(x)?
2
Let k(g) = 2*g - 6. Let y be k(-3). What is the units digit of 94/10 + y/30?
9
Let t(l) = 147*l - 3. Let j be t(3). Let r be (-8)/(-52) - j/(-26). Let d = r - 10. What is the units digit of d?
7
Suppose 0 = 4*l + 21 + 15. What is the tens digit of (-66)/4*6/l?
1
Suppose 4*u = -2*k + 236, -4*k = -2*u + 3*u - 472. What is the hundreds digit of k?
1
Let b = 8 + -6. Suppose 4*s = -2*m + 10, -4*m - 2*s - b*s = -12. Suppose 0 = -4*r + t + 16 + m, 2*t + 13 = r. What is the units digit of r?
3
Suppose -4*g - 12 = 5*n - 183, -83 = -2*g - 5*n. What is the tens digit of g?
4
Let l(u) = 3*u - 18. What is the tens digit of l(12)?
1
Suppose 4*y + f + 4 = -6, 3*f + 4 = y. Let c be y*(-3)/((-12)/14). Let a = c - -10. What is the units digit of a?
3
Let w(z) = z + 3. Let r be w(4). Suppose -35 = -2*s + r*s. Let f(u) = u**2 + 6*u - 2. What is the units digit of f(s)?
5
Suppose -b - 4*m = -41, -208 = -3*b - 2*m + 7*m. What is the tens digit of b?
6
Let b(n) = 28*n**3 - 5*n + 2. What is the tens digit of b(2)?
1
Suppose 0 = 4*r + r. What is the units digit of (-5)/(-5) - (r - 0)?
1
Suppose -h + 2*l + 4 = 0, h - 5*l + 2 = 3. Let s(w) = w - 14. Let m be s(h). What is the units digit of 2/(m/(-18))*2?
9
What is the units digit of (-5 + -32)*(2 + -3)?
7
Suppose 2*n + 3*m = 10, 0 = -4*n + 4*m + 17 + 43. Suppose -b = -3*w + n, 2*w + 3*b - 7*b = -6. Suppose 0*i + w*i = 20. What is the units digit of i?
4
Suppose -5*h + 9 + 1 = 0. Suppose h*t - 4*q = 44, -t - 2*q + 12 = 2. What is the units digit of t?
6
Suppose -3*r + m = 4*m - 3, -5*m - 15 = 0. Let y(c) be the third derivative of c**4/8 + 2*c**3/3 - c**2. What is the tens digit of y(r)?
1
Let z(t) = t**3 - 5*t**2 + 5*t - 2. Let k be z(4). Suppose -2*q = -k*x - 8, q - 4*x = 8 - 1. What is the units digit of q?
3
Let o(q) = q + 0 + 1 - 3 - 2. Let r be o(4). What is the units digit of 9 + r + 12/(-6)?
7
Suppose 68 = 2*v + 4*l, -4*l - 142 + 42 = -5*v. Let w = v + -6. What is the units digit of w?
8
Let m(l) = l**3 - l**2 - l - 6. Let d be m(0). Let v(y) = y**2 + 6*y + 7. Let f be v(-5). What is the units digit of 10*((-21)/d - f)?
5
Let d be (-4)/(-6)*3 - -2. Suppose 36 = -0*j + d*j. What is the units digit of j?
9
Let i = -8 - -54. Let h = i - 31. What is the units digit of h?
5
Let w = 54 + 18. What is the tens digit of w?
7
Suppose d - 2*d + 4*j = -48, -d = -2*j - 38. What is the tens digit of d?
2
Suppose 10*v + 84 = 3394. What is the units digit of v?
1
Suppose 0 = -3*i + 4*i. Let f be (i - (-3)/3) + -1. Suppose a - 1 = -f*a. What is the units digit of a?
1
Let r be -1 - (3 - 1) - 0. Let b = 8 + r. What is the units digit of b?
5
Let m(i) = -i**3 + 14*i**2 + 13*i - 4. What is the units digit of m(13)?
4
Let u(n) be the third derivative of 7*n**4/24 - n**3/2 + n**2. Let b be u(5). Suppose k = -3*k + b. What is the units digit of k?
8
What is the tens digit of 8/(-3)*30/(-4)?
2
Suppose 2*n + 2*b - 68 = 0, 0 = n - 4*b + 6*b - 30. Suppose 4*d - n = -q, -4*q - 4*d = -2 - 114. What is the tens digit of q?
2
Let k = -3 - -3. Suppose 0 = -o + 1 - k. What is the units digit of o?
1
Let r be -3*1/(-3) + 29. Suppose -7*g = -2*g - r. Suppose 4*z = g*z - 10. What is